 + -3. Let o be m(i). What is w(o)?
-3
Let l = -89 + 81. Let f = l - -2. Let r(b) = b**2 + 4*b - 5. What is r(f)?
7
Let m(z) = 0 - z + 1 + 0*z. Let k be 21 + -24 - (-23 + -1). Let w be (-6)/(-4)*(-28)/k. Determine m(w).
3
Let p(r) = 5*r**2 - 8*r + 6. Let o(f) = -2*f + 4*f**2 + 10*f - 2*f**2 - 5 - 6*f**2. Let l(n) = -4*o(n) - 3*p(n). Determine l(7).
-5
Let a(b) = 9*b - 7. Let h(y) = -5*y + 3. Let w(n) = -2*a(n) - 5*h(n). Suppose 7*s - 28 = 2*s + 3*x, 16 = 3*s - 2*x. Suppose 5*m + s = m. What is w(m)?
-15
Let n(d) = -21*d + 4. Let c(a) = -4*a. Let p(f) = 6*c(f) - n(f). What is p(-2)?
2
Let d(s) be the first derivative of -3*s**2/2 + 20*s - 8. Let x be d(-10). Let h be x/(-40) + (-3)/4. Let f(m) = m**2 + m - 2. Give f(h).
0
Let n be (-3)/(-6) - (-3)/(-2). Let w(d) = 9*d**3 - 2*d**3 - d + 0*d - 1 - 2*d**3. Let u be w(n). Let i(s) = -s + 2. Give i(u).
7
Suppose 3 = 2*t + 5*l, 4*t - 3*l = -7*l - 12. Let q(x) be the third derivative of x**5/60 + 5*x**4/24 + 7*x**3/6 + x**2 - 13. Determine q(t).
13
Let l(g) = g**2 - 4*g - 10. Let b(n) = n**2 - 4*n - 10. Let j(v) = -5*b(v) + 6*l(v). Let m(w) = -w**2 + 3*w + 9. Let r(s) = -4*j(s) - 5*m(s). Determine r(-4).
7
Let x(q) = -3*q**3 + 4*q**2 + 4*q + 12. Let y(p) = p**3 - p**2 - 2*p - 5. Let r(c) = 2*x(c) + 5*y(c). Give r(2).
-1
Let s(g) = -3*g - 1. Let p(h) = -h**2 + 3*h + 2. Let k be p(5). Let t(c) = -c**3 - 9*c**2 - 10*c - 18. Let j be t(k). Calculate s(j).
5
Let l(c) = -10 - 5*c - 24*c**2 + 1 + 14*c + 23*c**2. Suppose 0 = -8*b + 14 + 42. Determine l(b).
5
Let x(v) = -v**2 + 7. Let y be (-2)/(-11) - (-8)/(-44). What is x(y)?
7
Suppose -4*h - h + 20 = 0. Let k(b) = -2*b - 3. Let w(y) = -14*y - 23. Let g(j) = 8*k(j) - w(j). Determine g(h).
-9
Let b(i) = -i**3 + 5*i**2 - 7*i + 13. Let j be b(4). Let x(v) = v**2 + 2*v - 1. Determine x(j).
2
Suppose 0*n - 3*n - 9 = 0. Let a be (-2 - -3) + n + 3. Let c(u) = a - 4*u**2 + 3*u - 3*u**2 + 0 - u. Determine c(-1).
-8
Let q(o) = 4*o. Let i(l) = -9*l. Let s(v) = 3*i(v) + 7*q(v). Let m(w) = 11*w + 1. Let b(n) = -2*m(n) + 18*s(n). Calculate b(-2).
6
Let g(d) be the third derivative of -1/60*d**5 + 0 + 5/6*d**3 - 14*d**2 + 1/12*d**4 + 0*d. What is g(4)?
-3
Let p(q) = -2*q + 8*q**2 + 4*q + 3*q + 2*q + q**3. Suppose -9*h = -8*h + 7. What is p(h)?
0
Suppose m + m + 4*w + 14 = 0, -3*w - 9 = 3*m. Let t(x) = -x**2 + 0*x**2 + 2*x - x. Let r be t(m). Let v(q) = q**3 - q - 3. Give v(r).
-3
Let l(s) = s + 4. Let u(i) = -3*i - 8. Let p(x) = 4*l(x) + 3*u(x). Calculate p(-12).
52
Let u(p) = 5*p**2 + p + 1. Suppose -4*g = 3*i + 14, i + 25*g = 22*g - 13. Determine u(i).
23
Let b(o) be the second derivative of 1/2*o**4 - 1/720*o**6 + 0*o**3 + 0*o**2 - 1/120*o**5 + 6*o + 0. Let d(g) be the third derivative of b(g). Determine d(3).
-4
Suppose k + k + 24 = 2*x, -60 = 5*k + x. Let w(r) = -r**3 - 11*r**2 + 10*r - 20. Determine w(k).
4
Let r(b) = -b. Let k(i) = i**2 - i. Let p be k(1). Suppose -q + 3 = -p*q. Suppose 4*t - 16 = -0, -3*t = q*y - 18. Give r(y).
-2
Let s(k) = -7*k**3 + 7*k**2 - 12*k + 3. Let y(t) = t**3 - t**2 + 2*t. Let j(l) = -s(l) - 6*y(l). What is j(0)?
-3
Let k(f) = -f**3 + 8*f**2 + f - 9. Let r be (-17)/(17/(-10)) - (4 + -2). What is k(r)?
-1
Let h(c) be the second derivative of -c**3/3 - 18*c**2 - 5*c + 35. Determine h(-16).
-4
Let u = 11 - 16. Let c(i) be the first derivative of -i**3/3 - 3*i**2/2 + i - 1655. What is c(u)?
-9
Let d be (-5 - -1) + 7/21*42. Let g(m) be the first derivative of -m**2/2 + 8*m - 1. Let s be g(d). Let x(j) = -2*j**3 + 3*j + 3. What is x(s)?
13
Let v(p) be the first derivative of -5*p**4/24 + p**3/6 + 2*p**2 + 3. Let b(d) be the second derivative of v(d). Calculate b(1).
-4
Let c(l) = 19*l + 373. Let n be c(-19). Let v(m) be the second derivative of 1/20*m**5 + 0 + 1/3*m**3 + n*m - 1/4*m**4 + m**2. Calculate v(3).
8
Let j be 8 + 15*26/(-39). Let k(b) = -2*b**3 + b**2 + 3*b - 1. Calculate k(j).
13
Let d(h) = -5*h**2 - 2*h**3 + 5*h**3 - 4*h**2 + 2*h**2 + 4*h + 6 - 2*h**3. What is d(6)?
-6
Let j = -9 - -9. Suppose 8*x - 19 - 21 = j. Suppose x*z = -w - 18, 5*z - z = 3*w - 22. Let f(q) = q**2 + 4*q + 6. Determine f(z).
6
Let j = 15 - 6. Suppose -3*q + 5*s = j - 43, 3*s + 15 = 0. Let p(v) = v**q - v + 5*v**2 - 5*v**2 + 2*v**2 - 3*v**2 - 7. Determine p(0).
-7
Let c(b) = 159*b - 104 + 113 - 160*b. Give c(0).
9
Let f(b) = 2*b. Let r(n) = -11*n - 12. Let u(l) = 5*f(l) + r(l). What is u(-12)?
0
Let f be (3/2)/((-3)/(-4)). Let y(k) be the first derivative of 1 - k + 3/2*k**2. What is y(f)?
5
Let t(s) = 4*s**2 + 9*s**2 + 3*s**2 - 16*s**2 - 2 + s**2. Calculate t(-3).
7
Let g be ((-156)/(-117))/(2/(-15)). Let p(q) = -q**3 - 10*q**2 - 3*q - 25. Determine p(g).
5
Let g = 82 + -57. Suppose g = 44*l - 49*l. Let r(p) = p**3 + 4*p**2 - 4*p + 7. Determine r(l).
2
Let q(t) = -t**2 + 11*t - 18. Suppose 11 = p + z, -60*z + 61*z = 2. What is q(p)?
0
Let p(t) = 2*t - 7. Let u(j) = -j**2 + 7*j - 7. Let k be u(4). Determine p(k).
3
Let x(k) = -k + 1. Let y be (-15)/45 - 145/(-3). Suppose 9*m + 7*m = y. What is x(m)?
-2
Let c(x) = -x**2 - 10*x - 9. Suppose 32 = -q - 5*m, 4*q + 1 = 5*m - 2. Give c(q).
12
Let a(l) = l**2 - 7*l + 3. Let y = 14 - 16. Let z be y + 3 + 2 + 5. Suppose -3*k + z = -10. Determine a(k).
-3
Let b(v) = v. Let m(r) = 8*r - 6. Let a(i) = 4*b(i) - m(i). Suppose 62 = g + 58. What is a(g)?
-10
Let m be (-4)/(-7) - 1*266/(-49). Let s(w) = -5 + 4 + 9*w - 10*w. What is s(m)?
-7
Let h(i) be the second derivative of -i**3/3 + 2*i**2 - i. Let k(g) = -29*g - 95. Let u(s) = 6*s + 19. Let f(j) = -2*k(j) - 11*u(j). Let y be f(-3). Give h(y).
-6
Let h(l) = -3*l + 60. Let d be h(19). Let r(k) = -71 + d*k + 5*k**2 + 33 + 35 + k**3. What is r(-4)?
1
Suppose -4*c = -2*p + 8, 4*c = -0*c - 4. Let n(v) = v**p + 5 - 19*v + 10*v + 8*v. What is n(0)?
5
Let g(y) be the third derivative of y**5/60 - y**4/8 - y**3/6 + 248*y**2. What is g(5)?
9
Let v(b) = -b**3 - 3*b**2 + 2*b + 1. Let f be ((-126)/(-30) + -5)*5 - -1. Give v(f).
-5
Let c(k) = -2*k**3 - k**2 + 2*k. Let w(r) = r**2 - 14*r + 26. Let q be w(12). Give c(q).
-16
Let a = -1256 - -1250. Let s(d) = -d**3 - 6*d**2 + 2*d - 4. What is s(a)?
-16
Suppose l - 3*l + 271 = 3*f, -3*f + 277 = 5*l. Suppose f - 35 = 3*u. Let y = -17 + u. Let g(v) = -8*v**3. What is g(y)?
-8
Let z(s) be the second derivative of -s**4/12 - 7*s**3/6 + s**2 - 10*s. What is z(-6)?
8
Let t(u) = -u**3 + 7*u**2 - 6*u - 4. Let r be t(6). Let g(k) = -k**2 - 8*k - 13. Give g(r).
3
Suppose -3*w - 4 = y, 5*w = 13*w + 16. Let b(i) = -6*i**2 - 3*i + 2. Determine b(y).
-28
Suppose 0 = -15*s - 16*s - 124. Let k(m) = -m**2 - 3*m - 8. Determine k(s).
-12
Let z(s) = 2*s**3 + 2*s**2 + s - 4. Suppose 3*o + 7 = -x, 4*o - 3*o + x = -1. Let b(h) = h**3 + h**2 - 1. Let i(g) = o*b(g) + z(g). Calculate i(-2).
1
Let z(o) = o**3 - 6*o**2 - 5*o + 32. Let u be z(6). Let l(v) = u*v - 3*v - 11 - 17 + 33. Give l(0).
5
Suppose 27*j + 90 = 18*j. Let d(n) = n + 14. Give d(j).
4
Let a(c) = -7*c + 42. Let j(m) = -2*m + 1. Let f(o) = a(o) - 2*j(o). Let s(p) = -p + 19. Let u(t) = 2*f(t) - 5*s(t). Calculate u(0).
-15
Let v(o) be the first derivative of -o**2/2 + 2*o + 18. Let d be (-2)/7 + (-20)/(-35)*-3. Calculate v(d).
4
Let h(x) = 26*x**2 - 8 - 91*x**2 + 18*x**2 + 13*x + 18*x**2 + 27*x**2. What is h(9)?
-53
Let d(p) = -p**2 + 3*p - 4. Let r(i) = -2*i - 20. Let z be r(-11). Give d(z).
-2
Let p(g) = 114 + g - 40 - 39 - 43. Give p(8).
0
Let o(f) = -2*f**2 + 43*f + 164. Let j be o(25). Let s(g) = -g**3 - 10*g**2 + 11*g + 9. Determine s(j).
9
Let x(g) be the first derivative of -g**4/4 - 5*g**3/3 + g**2/2 + 22. Suppose 0 = 6*y - 4*y. Suppose -5*v + y*v + 50 = -5*o, 4*v = -3*o + 5. Give x(o).
-5
Let y(v) = -4*v**3 + 10*v**2 + 5*v + 10. Let a be y(3). Let o(l) = l**2 - 7*l - 4. Calculate o(a).
-4
Let m be (-10)/(-6) + -1 - (-6)/18. Let n(j) = -5 - 7*j + m + 119*j**2 - 120*j**2. What is n(-6)?
2
Let y(a) be the first derivative of a**3/3 + 2*a**2 + 2*a - 425. Let d = 5 + -9. Calculate y(d).
2
Let u(s) = -4*s**3 - 6*s**2 - s + 7. Let t(h) = h**3 + 2*h**2. Let o(a) = -3*t(a) - u(a). Give o(0).
-7
Let y(b) be the second derivative of -b**5/20 + b**4/3 + b**3/2 + b**2 - b. Let m be -2 + 19 + 4/4. Suppose -2*q + m = 10. What is y(q)?
14
Let r(t) = -5 - 12*t + 4 + t**3 - 4 + 3 + 2*t. Calculate r(-3).
1
Let 